3) + 5). Let i(m) = 20*m**2 - 26*m**2 + 0*m - 6 - m**3 - t*m. Calculate i(-6).
6
Let u(k) = 0*k**3 + k**3 - 2*k**3 - k - 2*k**3 + k**2 + 4*k**3 + 31. What is u(0)?
31
Suppose 0 = -c + 18 - 13. Let v(y) be the first derivative of y**2 - 2*y + 12. What is v(c)?
8
Let w(v) = v**3 - 11*v**2 + v - 3. Suppose 30 + 25 = 5*i. Determine w(i).
8
Let q(m) = 2*m + 6. Let g be q(-6). Let i(j) = 6*j - 24*j - 9 + 10*j + 5*j + j. Calculate i(g).
3
Let j(k) = -8*k + 21. Suppose 112*x - 36 = 103*x. What is j(x)?
-11
Let m(h) = -4*h + 0*h**2 + 2 + h**2 + h. Let q(u) = 9*u. Let c be q(1). Suppose -c*z + 8 = -7*z. Determine m(z).
6
Let g = 4 + -2. Let z(f) = 0*f**3 - f**g - 4 + f**3 + 0 - f. Suppose -v + 2*x = -4*v + 11, -4*x = 3*v - 13. Determine z(v).
11
Let n be 24/40 + (-12)/(-5). Let j(h) = -h**2 - 7*h - 7*h**3 + 4*h - 2*h**2 + 6*h**n. Let m = -7 + 5. Give j(m).
2
Suppose 1 - 3 = -j. Let m(x) = 3 + x**2 + 4*x + j*x - 11. Let f = -30 + 24. Determine m(f).
-8
Let k(j) = 3*j**2 + 3*j**2 - j - 2*j**2 + 2 + j**3. Let p = 63 + -67. What is k(p)?
6
Let b(k) = k**2 - 4*k + 3. Let d be (18/6 + 21)*(-2)/(-6). Suppose -6*c + 2*c = -d. Calculate b(c).
-1
Let n(u) = u**3 - u**2 + 3. Let g(l) = 17*l**3 - 5*l**2 + 2*l + 20. Let c(j) = -g(j) + 6*n(j). What is c(-1)?
10
Let z(k) = -14*k - 7. Let m be z(-1). Let w(l) = -l**3 + 6*l**2 + 6*l. What is w(m)?
-7
Let t(n) = n. Suppose 0*p - 14 = -7*p. Suppose -2*u - 3 - 3 = 2*i, -p*u - 3*i - 11 = 0. Suppose a + 3*o - 13 = 0, -3*a - u*o = a - 2. Give t(a).
-2
Let g(m) be the first derivative of -m**2 + 74. Determine g(2).
-4
Let f(w) = w**3 - 9*w**2 + 10*w + 12. Let l(r) = r - 2. Let x be l(-6). Let b(g) = 3*g**3 - 28*g**2 + 30*g + 35. Let i(h) = x*f(h) + 3*b(h). Determine i(11).
-2
Suppose -49*z = 132 + 211. Let i(w) = -2*w + 1. Calculate i(z).
15
Let j(m) = 5*m**2 - 5 + 9*m - m**2 + 3*m - 2*m**2 + 2*m. Determine j(-7).
-5
Suppose 0*p + p - 6 = 0. Let c(r) = -r**2 + 6*r + 6. Calculate c(p).
6
Let d(y) = -y**2 + 3*y. Let f be 4 - ((-2 - 2) + 3). Suppose c - 6*b = -3*b - f, c + 11 = 5*b. Determine d(c).
-4
Let m(d) be the third derivative of 12*d**2 + 1/6*d**3 + 0*d + 1/6*d**4 + 0 + 1/120*d**6 + 1/15*d**5. Give m(-4).
-15
Let j(q) = -q**2 - q - 10. Let d(g) be the third derivative of -g**6/120 - g**5/10 + 7*g**4/24 + 15*g**2. Let z be d(-7). Give j(z).
-10
Let v(z) = z - 5. Suppose -g + 3*i = -5, 5*g - 2*i - 8 = 2*g. Suppose -g*f = -10, 3*f = -2*b + 3*b + 9. Determine v(b).
1
Let c(j) be the second derivative of -j**5/60 - j**4/24 - j**3/3 + 3*j**2/2 - 9*j. Let r(g) be the first derivative of c(g). What is r(-4)?
-14
Suppose 3*j = 13 - 1. Suppose 16 = j*u - 4*s, s = 5*u - 27 - 1. Let c(m) = -m**3 + 7*m**2 - 6*m - 1. Give c(u).
-1
Let p(w) = -2 - 324*w + 637*w - 309*w. Give p(-6).
-26
Let x(n) = n**3 - n. Suppose 3*l + 16 = 2*v, 10 = v + 3*v + 5*l. Suppose -v*b + 4*b = -5*b. Give x(b).
0
Let g be 3 + 0 - 5*(-18)/45. Let z(i) be the first derivative of -7/2*i**2 - g - i. What is z(-1)?
6
Let r(a) = a**2 - 7*a. Let y be (-24)/10*(-40)/16. Let g(m) = -y + 0 + 1 - 11*m - 1 - m**3 + 13*m**2. Let p be g(12). Give r(p).
-6
Let b be 1*(1 - 7)*2. Let h = b - -17. Let j(i) = -3*i + 5. What is j(h)?
-10
Let z(m) = 14*m + 1. Let c(a) = 14*a + 1. Let o(b) = 8*c(b) - 7*z(b). Determine o(1).
15
Let m(s) = -4*s**2 - 3*s - 6. Let w(u) = 7*u**2 + 6*u + 11. Let p(j) = 5*m(j) + 3*w(j). Let z be (24/(-36))/(4/30). Let q be 2/z*(-160)/(-16). Calculate p(q).
7
Let y be (4/(-8))/((-2)/(-20)). Let h(w) = -28*w + w**2 - w**2 + 4 + 35*w + w**2. What is h(y)?
-6
Let h(i) = i - 11. Let s(p) = -p**3 - 13*p**2 + 10*p + 13. Let r be s(-14). Let o = -57 + r. What is h(o)?
1
Let c(s) = -7*s + 44. Let q be c(8). Let j(m) = -m + 9. What is j(q)?
21
Let x(n) be the first derivative of n**3/3 + 3*n**2 + n - 1. Let u be 4/8*2/(-1). Let t(q) = 4*q. Let c be t(u). Calculate x(c).
-7
Let f(d) = -3*d + 3. Let k be -4*(-2)/(-12)*3. Let n = k + 5. Determine f(n).
-6
Let s(m) = m - 8. Let h be s(11). Let v(p) = 2*p**2 - 5*p + 2. Let x be v(h). Suppose k = -x*k. Let q(g) = g + 2. What is q(k)?
2
Let i(m) be the first derivative of 3/2*m**2 + 2 + 5*m - 1/3*m**3. What is i(5)?
-5
Suppose 12 = 5*z + 3*t - t, -t - 4 = 0. Suppose -z*v - 10 = -3*q, 0*v + 3*v + 3 = 0. Let k(a) = -q*a + 0 - a + 5*a + 1. Give k(-1).
-1
Let i(y) = 3*y + 67. Let o be i(-17). Let b be (-122)/o + 6/(-16). Let z(k) = -2*k - 5. Determine z(b).
11
Let r(w) be the second derivative of -3*w**3/2 + w**2/2 - 3*w. Let p(x) = -x**3 + 13*x**2 + 13*x + 16. Let d be p(14). Give r(d).
-17
Let c(y) = -y**3 - y**2 - y - 1. Let i = 140 + -139. Let b be i/2 - (-1 - 10/(-4)). Determine c(b).
0
Suppose -3*z - 5 = -11. Suppose 3*p + z*p = 15. Let y(j) = -j - 7 + p - 8 + 0*j. What is y(-5)?
-7
Let g = -607 + 604. Let s(k) = -k**2 - 4*k. What is s(g)?
3
Let d(p) = 4*p - 4 + 5*p + 3 - 8*p. Let a = 4 + -11. Let t be (2 + 0)/(9 + a). Give d(t).
0
Let u(w) = -3*w + 3. Let t(i) = -2*i + 28 + 0*i + i. Let z be t(0). Let g be 1/4 + z/16. Calculate u(g).
-3
Let i be ((-15)/6)/5*(1 - 5). Let l(v) = -v**2 - 2 + 5*v**2 - 4*v**i + v**2 - 5*v. What is l(5)?
-2
Suppose 3*n - 4*g + 23 = 0, 4*n - 2*g = -3*g + 1. Let z(a) = a. Let d(k) = 4*k + 1. Let q(c) = n*d(c) + 5*z(c). Give q(-1).
-2
Let i(o) = 9 + 83*o - 48*o - 41*o - o**2 - 3. Let j be (2/4)/(1/(-12)). Determine i(j).
6
Let k(i) be the second derivative of -i**5/20 + 7*i**4/12 - i**3/2 - 7*i**2/2 - i - 14. What is k(6)?
11
Let o(m) be the first derivative of m**5/120 + m**4/8 + 7*m**3/3 + 5. Let g(a) be the third derivative of o(a). Determine g(-5).
-2
Suppose -h + 4*l + 8 = 0, 5*l + 7 - 22 = -5*h. Suppose h*i = -7 - 9. Let a(q) = -q**3 - 5*q**2 - 4*q - 4. Calculate a(i).
-4
Let a(k) = k + 29. Let p(q) = q**2 + 13*q. Let i be p(0). Give a(i).
29
Let d(z) = z**3 - 3*z**2 - 5*z + 5. Suppose -5*b + 6 = -3*c + 19, 14 = -2*b - c. Let x be b - -6 - (-3 + 0). What is d(x)?
1
Let h(s) = -s**3 + 6*s**2 + 30*s - 21. Let p be h(9). Let y(n) = 11 - p - 9 + 7*n - n**2. Calculate y(4).
8
Let o(a) = 5*a - 4. Suppose w - 39 = -12*w. Calculate o(w).
11
Let x(g) = -g**2 - 2*g + 1. Suppose 5*b - 5 = 3*c + 2*c, 3*c - 5*b = 1. Let m(j) = j**2 + 3*j + 1. Let o be m(c). Give x(o).
-2
Let t(l) = 10 + l**2 - 15 + 3 + 2*l**2 - 2*l**3. What is t(2)?
-6
Let p(v) = -v + 0 + 1 - 3 + 1. Suppose 5*i + 2*o = 20, -3*i + 6 = -o - 6. Calculate p(i).
-5
Let u(l) = -l**2 - 8*l - 4. Let d(h) = -5*h + 6. Suppose 11*o - 7 - 15 = 0. Let q be d(o). Determine u(q).
12
Suppose 6 = -r + 2*g, 5*r - 2*g = 2*g - 12. Let z(s) = s**3 - 4*s**2 + s - 3. Let t be z(4). Let n(q) = q + 1 - t - 3. Calculate n(r).
-3
Let b(n) be the third derivative of -n**8/20160 - n**7/5040 + n**6/360 + 7*n**5/30 - 5*n**2. Let w(h) be the third derivative of b(h). What is w(2)?
-4
Let f(d) = d**3 - 10*d**2 + 19*d - 185. Let j be f(10). Let p(i) = -5*i + 0*i - 4*i**2 - 4 - i**3 + 2*i**3. Give p(j).
-4
Let z = -2594 - -2580. Let l(s) = s**3 + 14*s**2 + 2*s + 5. Calculate l(z).
-23
Suppose -10 = -2*n - 0*n. Suppose 0 = 5*o - 3*s - 174, 4*o + n*s - 31 = 123. Let v be 5/6*o/6. Let z(r) = r**3 - 5*r**2 + r - 4. Determine z(v).
1
Let s(c) be the first derivative of -c**3/3 - 21*c**2/2 - 4*c - 320. Determine s(-21).
-4
Suppose -4*a + 22 = 6. Let o(d) = -5 + a*d - 2*d - d. Let m = 798 - 794. Give o(m).
-1
Let a(b) be the third derivative of b**4/3 + 23*b**3/6 + 911*b**2. What is a(-4)?
-9
Let b(m) = 2*m - 36. Let i be ((-32)/(-3))/((-46)/(-69)). What is b(i)?
-4
Let k(n) be the second derivative of -n**5/20 - n**4/12 - n**3/6 + 5*n**2/2 - n - 294. Suppose -3 - 2 = -3*v - d, 5 = 4*v + d. Calculate k(v).
5
Let x(k) be the second derivative of 1/2*k**3 + 1/12*k**4 - 5*k + 0 - 5/2*k**2. Let g be (-32)/12*6/4. What is x(g)?
-1
Let d(u) be the first derivative of -8*u**2 + u + 77. Determine d(2).
-31
Suppose -2*x + 3 + 7 = c, -4*c = 3*x - 25. Let l(b) = -8*b - 1. Let h(q) = -7*q. Suppose 0 = 10*v - 0 + 40. Let g(z) = v*h(z) + 3*l(z). What is g(x)?
9
Let k(x) be the second derivative of x**5/20 + x**4/2 + x**3/6 + 5*x**2/2 + 2*x + 17. What is k(-6)?
-1
Suppose -177*g + 183*g - 54 = 0. Let c(r) be the first derivative of g - 1/3*r**3 - 2*r - 4*r**2. Calculate c(-7).
5
Let g(i) = i + 9. Let b(q) = 4*q + 37. Let j(l) = 2*l**3 + l - 2. Let p be j(0). Let t(x) = p*b(x) + 9*g(x). 